3. Calculate the greatest common divisor of 18 and k.
18
Let c(q) = q**3 - 13*q**2 + 3. Suppose 5*k - 97 = -32. Let d be c(k). Calculate the highest common divisor of 3 and d.
3
Let f be (-1)/(-3) - 28045/(-213). Calculate the highest common factor of 330 and f.
66
Suppose -7*s = -37 + 128. Let p(j) = j**3 + 15*j**2 + 12*j - 6. Let d be p(s). What is the greatest common factor of 16 and d?
16
Let k(j) = -106*j + 95. Let w be k(-6). What is the greatest common divisor of w and 43?
43
Let o be -8 + 12 - (5 + -37). What is the greatest common divisor of o and 12?
12
Let y(n) = 2*n**2 - 3*n + 7. Let k be y(-3). Calculate the highest common divisor of k and 34.
34
Let v be (1*-2)/(-2) + 1. Suppose v*i + 3*d = 4*i - 404, 0 = 4*d + 16. Suppose -992 = -66*j + 856. What is the highest common factor of i and j?
28
Let r = 24 - 25. Let f be 4 + (-1 - -2) + r. Suppose f*y + 31 - 103 = 0. Calculate the highest common factor of y and 6.
6
Suppose -2*g + 3*r = -162, 363 = 5*g + 2*r + r. Let z = g - 73. What is the greatest common factor of z and 1?
1
Suppose 2*g = -5*l + 171, -3*l = -0*l + 5*g - 95. Let v be (-4 + l/3)/((-1)/(-3)). Calculate the greatest common factor of v and 207.
23
Suppose -2*k - 3*k = 0. Suppose -5*v = -15 - 10, 5*h + 2*v + 590 = k. Let b be ((-9)/4)/(9/h). What is the greatest common factor of 12 and b?
6
Suppose 2*x - 2*m = 3946, -4*x - 22*m = -27*m - 7894. What is the highest common factor of x and 73?
73
Let g(r) = r + 1. Let l(s) = s**3 + 11*s**2 + 9*s - 9. Let y be l(-10). Let q be g(y). Let o = 16 + -6. What is the greatest common divisor of o and q?
2
Let o be 1 - ((0 - -1) + -15). Suppose 220 = -6*b - 50. Let n = b + 75. Calculate the greatest common factor of o and n.
15
Let o be 1/((-1)/(-10)*2). Let a(l) = l**2 - 4*l. Let s be a(o). Suppose -317 = -s*z + 288. What is the greatest common factor of z and 11?
11
Suppose -4*u - 8 = -3*y, -4*u + 4 = 2*y - 8*u. Suppose 0 = -4*l - d + 53, 5*d = 3*l - y - 7. Calculate the highest common factor of l and 8.
4
Let v be 2/(-5) + 57/5. Let c be (144/(-20))/((-18)/15 + 1). Suppose 34*j + 22 = c*j. Calculate the highest common divisor of j and v.
11
Let u be 64/6 + -2 + 22/66. What is the highest common divisor of 279 and u?
9
Let s = 47 + -30. What is the highest common divisor of 2 and s?
1
Let t(g) be the third derivative of -g**6/60 - g**5/60 + g**3/3 + 2*g**2. Let j be t(-2). Let k = -65 + 79. What is the highest common divisor of k and j?
14
Suppose 5*u + 3*v - 294 = 0, -5*u + 299 = -3*v - 7. What is the greatest common factor of 105 and u?
15
Let t be 1/9 - (-466)/18. What is the highest common divisor of 286 and t?
26
Let a(h) = 281*h - 3. Let m be a(-7). Let z be m/(-45) - 8/(-36). Calculate the greatest common factor of 22 and z.
22
Let s = -199 - -206. What is the greatest common divisor of 2 and s?
1
Let n = 778 + -774. Let c(x) = x + 12. Let p be c(0). Calculate the greatest common divisor of n and p.
4
Let a = 125 + -89. Let p = -50 + 74. Calculate the greatest common factor of p and a.
12
Let m = 81 - -90. What is the greatest common factor of 114 and m?
57
Suppose -2*k + 256 = k - 4*c, 0 = -5*k - 3*c + 475. Suppose 0*p + 4*p = k. Calculate the highest common divisor of 184 and p.
23
Let j(a) = -a**2 - 3*a + 195. Let k be j(12). Calculate the greatest common factor of 18 and k.
3
Suppose 0 = -2*x + 2*w + 26, 2*w - 7 + 3 = 0. Let t = -14 - -16. Let b be (1 - (t - 6)) + -2. Calculate the greatest common factor of x and b.
3
Suppose -d + 0*d = -5. Suppose d*y = -2*y. Suppose -5*l - 57 = -4*g - y*g, 0 = 5*g - 2*l - 84. What is the greatest common divisor of 45 and g?
9
Let m(p) be the first derivative of p**2 + 14*p - 9. Let l be m(5). What is the highest common factor of l and 36?
12
Suppose 6*t - 3*c = 9*t - 42, -2*t - c + 25 = 0. What is the highest common divisor of t and 3212?
11
Let a(k) = k**3 + 12 + 2*k - 14 + 5*k**3 - k**2. Let t be a(1). What is the greatest common factor of t and 5?
5
Let p be (-5)/10*-2*4*2. Suppose 0 = -p*t - 0*t + 72. Calculate the highest common factor of t and 72.
9
Suppose 0 = -10*p + 840 + 210. What is the greatest common divisor of 63 and p?
21
Let m = 854 + -588. What is the greatest common divisor of m and 14?
14
Let s(w) = -w + 6. Let m = -56 + 48. Let r be s(m). What is the highest common divisor of r and 7?
7
Let k = -442 - -632. What is the highest common divisor of 30 and k?
10
Suppose 5*b + 0*b - 15 = 0. Suppose b*r - 8 = 1. What is the highest common divisor of r and 18?
3
Suppose 0*b = 4*v - 3*b - 11427, -v + b = -2857. What is the greatest common divisor of 102 and v?
102
Let v(c) = -c**3 - 11*c**2 + 18. Let p be v(-11). Suppose -4*a = -5*g + 1, -5*g = -a - 12 - 7. What is the highest common factor of a and p?
6
Suppose -2*w = 2*i - 32, -5*w + 74 = 5*i - 3*w. Let m be 1/(-2)*((-5 - -1) + -8). Suppose 1 = c - m. What is the greatest common divisor of c and i?
7
Let w be ((-2)/6)/((-4)/36) + 213. Suppose w = -6*b + 12*b. What is the highest common divisor of 54 and b?
18
Suppose -20*q - 4 = -21*q. Let n(p) = 39*p - 12. Let m be n(q). What is the highest common factor of m and 18?
18
Let d be 18 + 4 + (-13 - -3). Calculate the highest common divisor of d and 84.
12
Let a be ((-16)/(-6))/(4/150). Let v = 155 + -91. Suppose -3*i + v = -x, 4*x - 9*x - a = -4*i. What is the highest common divisor of i and 100?
20
Suppose -7*l + 12 = 26. Let z be (-3)/9 + l + (-1466)/(-6). What is the greatest common divisor of 22 and z?
22
Let g(j) = 129*j + 3. Let k be g(2). Suppose -2*m = -2*z - 106, 4*z + 81 - k = -3*m. What is the greatest common divisor of 14 and m?
14
Let y = -3 - 6. Let a = y + 54. Calculate the greatest common divisor of a and 5.
5
Let k(h) = -11*h**3 - h**2 - h. Let c be k(-1). Suppose 0 = -4*u - 101 - c. Let z = u + 40. Calculate the greatest common factor of z and 12.
12
Let x = 37 - 32. Let s be 34/8 + (-1)/4. Suppose -3*q - 2*k = -22, s*q - x*k - 39 = 21. What is the highest common divisor of 30 and q?
10
Let s = -118 + 184. Suppose -5*k + 59 = -1. Suppose m = k + 10. What is the greatest common divisor of s and m?
22
Suppose 5*r - 15 = -0. Suppose -5*n - r = j - 9, j = -3*n + 16. What is the highest common divisor of 279 and j?
31
Let z be (-3)/(-2)*20/30. Suppose 4*v = 9 - z. Suppose 0 = -5*h + 3*l + 43, -v*h - 3*l = -4*l - 17. What is the highest common factor of 16 and h?
8
Suppose -26 = -3*k + o - 9, o = -2*k + 13. Let x(i) = -13*i**3 - 2*i**2 + 1. Let n be x(-1). What is the highest common factor of n and k?
6
Let m = -540 + 548. Calculate the highest common factor of m and 332.
4
Let v(l) = -l**3 - 3*l**2 + 17*l + 3. Let u be v(-6). What is the greatest common factor of 9 and u?
9
Let i(x) be the second derivative of x**4/2 + x**3/6 - x**2 + 4*x. Let m be i(1). What is the highest common factor of m and 1?
1
Let d = 20 + -12. Suppose -14 = 5*h - 4. Let t be h/(-8) + (-285)/(-12). What is the highest common factor of d and t?
8
Let a = 1548 + -1540. What is the greatest common factor of 100 and a?
4
Let i(f) = f**3 + 52*f**2 + 42*f - 63. Let v be i(-51). Calculate the highest common factor of 144 and v.
36
Suppose -x + 62 = 5*p, 6*x - 8 = 2*x. What is the highest common factor of 52 and p?
4
Suppose -67*z + 70*z = 54. Suppose -22 + z = -2*t. Calculate the highest common divisor of 10 and t.
2
Let r(w) = -11*w**2 + 24 + 0*w**2 + w + 14*w**2. Let z be r(0). Let f be (-6 - 0)/(-2 + 1). What is the greatest common divisor of f and z?
6
Suppose -68*m + 72*m - 48 = 0. Calculate the greatest common divisor of 52 and m.
4
Suppose -4*o = -3*o + 5*f + 52, -5*o - 326 = 3*f. Let u = -36 - o. What is the greatest common factor of u and 31?
31
Suppose 0 = 9*w - 746 - 1459. What is the highest common divisor of 35 and w?
35
Suppose -1827 + 89 = -11*n. Calculate the highest common factor of 79 and n.
79
Suppose 5*c = -49 - 16. Let g = -10 - c. Suppose -l - 3*l + 44 = 3*h, -h = -g*l + 7. Calculate the greatest common divisor of 1 and h.
1
Suppose 0 = -q - 4*q + 770. Suppose -4*o - 3 = 13, 4*l - 4*o = -140. Let m = -25 - l. Calculate the highest common factor of q and m.
14
Let p = -29 + 354. What is the greatest common factor of 39 and p?
13
Let l = 31 - 11. Suppose y - 76 = -5*j, 5*j - l = -0*j. Suppose -p + y = -120. Calculate the 